{"id":2565,"date":"2025-12-15T13:33:55","date_gmt":"2025-12-15T11:33:55","guid":{"rendered":"https:\/\/vikenpelti.fi\/?page_id=2565"},"modified":"2025-12-15T13:33:55","modified_gmt":"2025-12-15T11:33:55","slug":"peltilistoitukset-rakennuspellitykset","status":"publish","type":"page","link":"https:\/\/vikenpelti.fi\/index.php\/peltilistoitukset-rakennuspellitykset\/","title":{"rendered":"Peltilistoitukset &amp; rakennuspellitykset"},"content":{"rendered":"\t\t<div data-elementor-type=\"wp-page\" data-elementor-id=\"2565\" class=\"elementor elementor-2565\" data-elementor-post-type=\"page\">\n\t\t\t\t\t\t<section class=\"elementor-section elementor-top-section elementor-element elementor-element-bae1574 elementor-section-boxed elementor-section-height-default elementor-section-height-default\" data-id=\"bae1574\" data-element_type=\"section\" data-settings=\"{&quot;background_background&quot;:&quot;classic&quot;,&quot;background_motion_fx_motion_fx_scrolling&quot;:&quot;yes&quot;,&quot;background_motion_fx_scale_effect&quot;:&quot;yes&quot;,&quot;background_motion_fx_scale_direction&quot;:&quot;out-in&quot;,&quot;background_motion_fx_scale_speed&quot;:{&quot;unit&quot;:&quot;px&quot;,&quot;size&quot;:4,&quot;sizes&quot;:[]},&quot;background_motion_fx_scale_range&quot;:{&quot;unit&quot;:&quot;%&quot;,&quot;size&quot;:&quot;&quot;,&quot;sizes&quot;:{&quot;start&quot;:20,&quot;end&quot;:80}},&quot;background_motion_fx_devices&quot;:[&quot;desktop&quot;,&quot;tablet&quot;,&quot;mobile&quot;]}\">\n\t\t\t\t\t\t\t<div class=\"elementor-background-overlay\"><\/div>\n\t\t\t\t\t\t\t<div class=\"elementor-container elementor-column-gap-default\">\n\t\t\t\t\t<div class=\"elementor-column elementor-col-50 elementor-top-column elementor-element elementor-element-1aa4458\" data-id=\"1aa4458\" data-element_type=\"column\">\n\t\t\t<div class=\"elementor-widget-wrap elementor-element-populated\">\n\t\t\t\t\t\t<div class=\"elementor-element elementor-element-d49256e elementor-widget elementor-widget-heading\" data-id=\"d49256e\" data-element_type=\"widget\" data-widget_type=\"heading.default\">\n\t\t\t\t<div class=\"elementor-widget-container\">\n\t\t\t\t\t<h2 class=\"elementor-heading-title elementor-size-default\">Peltilistoitus ja rakennuspellitys Jyv\u00e4skyl\u00e4 &amp; Keski-Suomi<\/h2>\t\t\t\t<\/div>\n\t\t\t\t<\/div>\n\t\t\t\t<div class=\"elementor-element elementor-element-39f8dfe elementor-widget elementor-widget-text-editor\" data-id=\"39f8dfe\" data-element_type=\"widget\" data-widget_type=\"text-editor.default\">\n\t\t\t\t<div class=\"elementor-widget-container\">\n\t\t\t\t\t\t\t\t\t<p data-path-to-node=\"5\">Viken Pelti tarjoaa t\u00e4yden palvelun\u00a0 \u2013 mitoituksesta asennukseen ja loppudokumentaatioon. <strong>Valmistamme kaikki peltituotteet itse omalla konekannallamme, mik\u00e4 takaa lyhyet toimitusajat ja t\u00e4ydellisen istuvuuden kohteeseesi.<\/strong> Palvelumme kattaa niin uudisrakentamisen kuin vanhojen, ruostuneiden pellitysten uusimisen remonttikohteissa.<\/p>\t\t\t\t\t\t\t\t<\/div>\n\t\t\t\t<\/div>\n\t\t\t\t\t<\/div>\n\t\t<\/div>\n\t\t\t\t<div class=\"elementor-column elementor-col-50 elementor-top-column elementor-element elementor-element-ea17c50\" data-id=\"ea17c50\" data-element_type=\"column\">\n\t\t\t<div class=\"elementor-widget-wrap\">\n\t\t\t\t\t\t\t<\/div>\n\t\t<\/div>\n\t\t\t\t\t<\/div>\n\t\t<\/section>\n\t\t\t\t<section class=\"elementor-section elementor-top-section elementor-element elementor-element-526bd8d elementor-section-boxed elementor-section-height-default elementor-section-height-default\" data-id=\"526bd8d\" data-element_type=\"section\">\n\t\t\t\t\t\t<div class=\"elementor-container elementor-column-gap-default\">\n\t\t\t\t\t<div class=\"elementor-column elementor-col-100 elementor-top-column elementor-element elementor-element-ee80f70\" data-id=\"ee80f70\" data-element_type=\"column\">\n\t\t\t<div class=\"elementor-widget-wrap elementor-element-populated\">\n\t\t\t\t\t\t<div class=\"elementor-element elementor-element-15ed80c animated-slow elementor-invisible elementor-widget elementor-widget-heading\" data-id=\"15ed80c\" data-element_type=\"widget\" data-settings=\"{&quot;_animation&quot;:&quot;fadeIn&quot;}\" data-widget_type=\"heading.default\">\n\t\t\t\t<div class=\"elementor-widget-container\">\n\t\t\t\t\t<h2 class=\"elementor-heading-title elementor-size-default\">T\u00e4ydellinen peltilistoitus ja erikoispellitykset\n<\/h2>\t\t\t\t<\/div>\n\t\t\t\t<\/div>\n\t\t\t\t<div class=\"elementor-element elementor-element-4ee5ec7 elementor-widget elementor-widget-text-editor\" data-id=\"4ee5ec7\" data-element_type=\"widget\" data-widget_type=\"text-editor.default\">\n\t\t\t\t<div class=\"elementor-widget-container\">\n\t\t\t\t\t\t\t\t\t<p data-path-to-node=\"7\">Oikein toteutettu rakennuspellitys suojaa rakenteita kosteudelta, lialta ja antaa viimeistellyn ilmeen. Ammattitaitoinen asentajamme tulee paikan p\u00e4\u00e4lle mitoittamaan ja suunnittelemaan tarpeenne.<\/p><p data-path-to-node=\"7\"><b>Hoidamme esimerkiksi:<\/b><\/p><ul data-path-to-node=\"9\"><li><p data-path-to-node=\"9,0,0\"><b>Ikkuna- ja oviaukot:<\/b> Ikkunalistat, pielilistat, smyygilistat ja oven kynnyspellit.<\/p><\/li><li><p data-path-to-node=\"9,1,0\"><b>Kattopellitykset:<\/b> Vesikaton jiiripellit, p\u00e4\u00e4tylistat, tippalistat ja katkaisulistat.<\/p><\/li><li><p data-path-to-node=\"9,2,0\"><b>Erikoispellitykset:<\/b> Mittatilausty\u00f6n\u00e4 valmistetut peltikotelot putkille tai s\u00e4hk\u00f6johdoille, peitelevyt ja erilaiset suojauspellitykset.<\/p><\/li><\/ul>\t\t\t\t\t\t\t\t<\/div>\n\t\t\t\t<\/div>\n\t\t\t\t<div class=\"elementor-element elementor-element-82281b5 elementor-align-left elementor-widget__width-initial elementor-widget elementor-widget-button\" data-id=\"82281b5\" data-element_type=\"widget\" data-widget_type=\"button.default\">\n\t\t\t\t<div class=\"elementor-widget-container\">\n\t\t\t\t\t\t\t\t\t<div class=\"elementor-button-wrapper\">\n\t\t\t\t\t<a class=\"elementor-button elementor-button-link elementor-size-sm\" href=\"https:\/\/vikenpelti.fi\/index.php\/yhteystiedot\/\">\n\t\t\t\t\t\t<span class=\"elementor-button-content-wrapper\">\n\t\t\t\t\t\t\t\t\t<span class=\"elementor-button-text\">Ota yhteytt\u00e4 <\/span>\n\t\t\t\t\t<\/span>\n\t\t\t\t\t<\/a>\n\t\t\t\t<\/div>\n\t\t\t\t\t\t\t\t<\/div>\n\t\t\t\t<\/div>\n\t\t\t\t<div class=\"elementor-element elementor-element-4925805 elementor-widget-divider--view-line elementor-widget elementor-widget-divider\" data-id=\"4925805\" data-element_type=\"widget\" data-widget_type=\"divider.default\">\n\t\t\t\t<div class=\"elementor-widget-container\">\n\t\t\t\t\t\t\t<div class=\"elementor-divider\">\n\t\t\t<span class=\"elementor-divider-separator\">\n\t\t\t\t\t\t<\/span>\n\t\t<\/div>\n\t\t\t\t\t\t<\/div>\n\t\t\t\t<\/div>\n\t\t\t\t<div class=\"elementor-element elementor-element-ea795c6 animated-slow elementor-invisible elementor-widget elementor-widget-heading\" data-id=\"ea795c6\" data-element_type=\"widget\" data-settings=\"{&quot;_animation&quot;:&quot;fadeIn&quot;}\" data-widget_type=\"heading.default\">\n\t\t\t\t<div class=\"elementor-widget-container\">\n\t\t\t\t\t<h2 class=\"elementor-heading-title elementor-size-default\">Korkealaatuiset materiaalit \u2013 Kest\u00e4vyys ja takuu<\/h2>\t\t\t\t<\/div>\n\t\t\t\t<\/div>\n\t\t\t\t<div class=\"elementor-element elementor-element-8b22284 elementor-widget elementor-widget-text-editor\" data-id=\"8b22284\" data-element_type=\"widget\" data-widget_type=\"text-editor.default\">\n\t\t\t\t<div class=\"elementor-widget-container\">\n\t\t\t\t\t\t\t\t\t<p data-path-to-node=\"11\">K\u00e4yt\u00e4mme vain markkinoiden parhaita pinnoitettuja ter\u00e4s- ja alumiinimateriaaleja, jotka takaavat pitk\u00e4n k\u00e4ytt\u00f6i\u00e4n ja v\u00e4rinkeston. Kaikki tuotteemme valmistetaan tarkasti valituista, kest\u00e4vyydest\u00e4\u00e4n tunnetuista materiaaleista:<\/p><ul data-path-to-node=\"12\"><li><p data-path-to-node=\"12,0,0\"><b>Pinnoitetut ter\u00e4kset:<\/b> 0,5mm ja 0,6mm Pural- ja PuralMatta RR-v\u00e4reiss\u00e4 sek\u00e4 0,6mm ja 1,2mm Hiarc RR-v\u00e4reiss\u00e4.<\/p><\/li><li><p data-path-to-node=\"12,1,0\"><b>Ruostumaton ter\u00e4s (RST):<\/b> 0,6mm, 0,8mm ja 1,25mm hiottu RST.<\/p><\/li><li><p data-path-to-node=\"12,2,0\"><b>Alumiinilevyt:<\/b> 2mm ja 3mm Alu kyynellevyt (turkkilevy) ja 1,5mm Alu riisinjyv\u00e4levyt lattioille ja kulkualueille.<\/p><\/li><\/ul><h4 data-path-to-node=\"13\">Tehokas toteutus ja laadunvarmistus<\/h4><p data-path-to-node=\"14\">Oman kalustomme\u00a0ansiosta voimme ty\u00f6skennell\u00e4 tehokkaasti ja turvallisesti my\u00f6s korkeammissa kohteissa. Ty\u00f6n valmistuttua siivoamme j\u00e4lkemme ja toimitamme asiakkaalle <b>loppudokumentaation<\/b> tehdyist\u00e4 pellityst\u00f6ist\u00e4.<\/p><h4 data-path-to-node=\"15\">Palvelualueemme Keski-Suomessa<\/h4><p data-path-to-node=\"16\">Tilaa <b>peltilistoitus<\/b>&#8211; ja <b>rakennuspellitys<\/b>-palvelut asennettuna seuraaville paikkakunnille: <b>Jyv\u00e4skyl\u00e4, Laukaa, Muurame, Uurainen, \u00c4\u00e4nekoski, Saarij\u00e4rvi, Konnevesi, Hankasalmi, Toivakka, Pet\u00e4j\u00e4vesi, Keuruu, Karstula, Kannonkoski, J\u00e4ms\u00e4 ja J\u00e4ms\u00e4nkoski.<\/b><\/p>\t\t\t\t\t\t\t\t<\/div>\n\t\t\t\t<\/div>\n\t\t\t\t<div class=\"elementor-element elementor-element-ad516d0 elementor-align-left elementor-widget__width-initial elementor-widget elementor-widget-button\" data-id=\"ad516d0\" data-element_type=\"widget\" data-widget_type=\"button.default\">\n\t\t\t\t<div class=\"elementor-widget-container\">\n\t\t\t\t\t\t\t\t\t<div class=\"elementor-button-wrapper\">\n\t\t\t\t\t<a class=\"elementor-button elementor-button-link elementor-size-sm\" href=\"https:\/\/vikenpelti.fi\/index.php\/yhteystiedot\/\">\n\t\t\t\t\t\t<span class=\"elementor-button-content-wrapper\">\n\t\t\t\t\t\t\t\t\t<span class=\"elementor-button-text\">Pyyd\u00e4 tarjous<\/span>\n\t\t\t\t\t<\/span>\n\t\t\t\t\t<\/a>\n\t\t\t\t<\/div>\n\t\t\t\t\t\t\t\t<\/div>\n\t\t\t\t<\/div>\n\t\t\t\t\t<\/div>\n\t\t<\/div>\n\t\t\t\t\t<\/div>\n\t\t<\/section>\n\t\t\t\t<section class=\"elementor-section elementor-top-section elementor-element elementor-element-a14e50c elementor-section-boxed elementor-section-height-default elementor-section-height-default\" data-id=\"a14e50c\" data-element_type=\"section\" data-settings=\"{&quot;background_background&quot;:&quot;classic&quot;,&quot;background_motion_fx_motion_fx_scrolling&quot;:&quot;yes&quot;,&quot;background_motion_fx_scale_effect&quot;:&quot;yes&quot;,&quot;background_motion_fx_scale_direction&quot;:&quot;out-in&quot;,&quot;background_motion_fx_scale_speed&quot;:{&quot;unit&quot;:&quot;px&quot;,&quot;size&quot;:4,&quot;sizes&quot;:[]},&quot;background_motion_fx_scale_range&quot;:{&quot;unit&quot;:&quot;%&quot;,&quot;size&quot;:&quot;&quot;,&quot;sizes&quot;:{&quot;start&quot;:20,&quot;end&quot;:80}},&quot;background_motion_fx_devices&quot;:[&quot;desktop&quot;,&quot;tablet&quot;,&quot;mobile&quot;]}\">\n\t\t\t\t\t\t\t<div class=\"elementor-background-overlay\"><\/div>\n\t\t\t\t\t\t\t<div class=\"elementor-container elementor-column-gap-default\">\n\t\t\t\t\t<div class=\"elementor-column elementor-col-100 elementor-top-column elementor-element elementor-element-c5023c6\" data-id=\"c5023c6\" data-element_type=\"column\">\n\t\t\t<div class=\"elementor-widget-wrap elementor-element-populated\">\n\t\t\t\t\t\t<div class=\"elementor-element elementor-element-ac09319 elementor-widget elementor-widget-heading\" data-id=\"ac09319\" data-element_type=\"widget\" data-widget_type=\"heading.default\">\n\t\t\t\t<div class=\"elementor-widget-container\">\n\t\t\t\t\t<h2 class=\"elementor-heading-title elementor-size-default\">Sinua varten<\/h2>\t\t\t\t<\/div>\n\t\t\t\t<\/div>\n\t\t\t\t<div class=\"elementor-element elementor-element-948b1bf elementor-widget elementor-widget-heading\" data-id=\"948b1bf\" data-element_type=\"widget\" data-widget_type=\"heading.default\">\n\t\t\t\t<div class=\"elementor-widget-container\">\n\t\t\t\t\t<h2 class=\"elementor-heading-title elementor-size-default\">Pyyd\u00e4 tarjous mittatarkoista pellityksist\u00e4!<\/h2>\t\t\t\t<\/div>\n\t\t\t\t<\/div>\n\t\t\t\t<div class=\"elementor-element elementor-element-b11e5b1 elementor-widget elementor-widget-text-editor\" data-id=\"b11e5b1\" data-element_type=\"widget\" data-widget_type=\"text-editor.default\">\n\t\t\t\t<div class=\"elementor-widget-container\">\n\t\t\t\t\t\t\t\t\t<p>Pyyd\u00e4 tarjous ja palaamme asiaan viimeist\u00e4\u00e4n seuraavana arkip\u00e4iv\u00e4n\u00e4.\u00a0<\/p>\t\t\t\t\t\t\t\t<\/div>\n\t\t\t\t<\/div>\n\t\t\t\t<div class=\"elementor-element elementor-element-966fd56 elementor-align-left elementor-widget__width-initial elementor-widget-mobile__width-inherit elementor-widget elementor-widget-button\" data-id=\"966fd56\" data-element_type=\"widget\" data-widget_type=\"button.default\">\n\t\t\t\t<div class=\"elementor-widget-container\">\n\t\t\t\t\t\t\t\t\t<div class=\"elementor-button-wrapper\">\n\t\t\t\t\t<a class=\"elementor-button elementor-button-link elementor-size-sm\" href=\"https:\/\/vikenpelti.fi\/index.php\/yhteystiedot\/\">\n\t\t\t\t\t\t<span class=\"elementor-button-content-wrapper\">\n\t\t\t\t\t\t\t\t\t<span class=\"elementor-button-text\">Pyyd\u00e4 tarjous<\/span>\n\t\t\t\t\t<\/span>\n\t\t\t\t\t<\/a>\n\t\t\t\t<\/div>\n\t\t\t\t\t\t\t\t<\/div>\n\t\t\t\t<\/div>\n\t\t\t\t\t<\/div>\n\t\t<\/div>\n\t\t\t\t\t<\/div>\n\t\t<\/section>\n\t\t\t\t<\/div>\n\t\t","protected":false},"excerpt":{"rendered":"<p>Peltilistoitus ja rakennuspellitys Jyv\u00e4skyl\u00e4 &amp; Keski-Suomi Viken Pelti tarjoaa t\u00e4yden palvelun\u00a0 \u2013 mitoituksesta asennukseen ja loppudokumentaatioon. Valmistamme kaikki peltituotteet itse [&hellip;]<\/p>\n","protected":false},"author":3,"featured_media":327,"parent":0,"menu_order":0,"comment_status":"closed","ping_status":"closed","template":"elementor_header_footer","meta":{"site-sidebar-layout":"no-sidebar","site-content-layout":"","ast-site-content-layout":"full-width-container","site-content-style":"default","site-sidebar-style":"default","ast-global-header-display":"","ast-banner-title-visibility":"","ast-main-header-display":"","ast-hfb-above-header-display":"","ast-hfb-below-header-display":"","ast-hfb-mobile-header-display":"","site-post-title":"disabled","ast-breadcrumbs-content":"","ast-featured-img":"disabled","footer-sml-layout":"","ast-disable-related-posts":"","theme-transparent-header-meta":"","adv-header-id-meta":"","stick-header-meta":"","header-above-stick-meta":"","header-main-stick-meta":"","header-below-stick-meta":"","astra-migrate-meta-layouts":"default","ast-page-background-enabled":"default","ast-page-background-meta":{"desktop":{"background-color":"var(--ast-global-color-5)","background-image":"","background-repeat":"repeat","background-position":"center center","background-size":"auto","background-attachment":"scroll","background-type":"","background-media":"","overlay-type":"","overlay-color":"","overlay-opacity":"","overlay-gradient":""},"tablet":{"background-color":"","background-image":"","background-repeat":"repeat","background-position":"center center","background-size":"auto","background-attachment":"scroll","background-type":"","background-media":"","overlay-type":"","overlay-color":"","overlay-opacity":"","overlay-gradient":""},"mobile":{"background-color":"","background-image":"","background-repeat":"repeat","background-position":"center center","background-size":"auto","background-attachment":"scroll","background-type":"","background-media":"","overlay-type":"","overlay-color":"","overlay-opacity":"","overlay-gradient":""}},"ast-content-background-meta":{"desktop":{"background-color":"var(--ast-global-color-4)","background-image":"","background-repeat":"repeat","background-position":"center center","background-size":"auto","background-attachment":"scroll","background-type":"","background-media":"","overlay-type":"","overlay-color":"","overlay-opacity":"","overlay-gradient":""},"tablet":{"background-color":"var(--ast-global-color-4)","background-image":"","background-repeat":"repeat","background-position":"center center","background-size":"auto","background-attachment":"scroll","background-type":"","background-media":"","overlay-type":"","overlay-color":"","overlay-opacity":"","overlay-gradient":""},"mobile":{"background-color":"var(--ast-global-color-4)","background-image":"","background-repeat":"repeat","background-position":"center center","background-size":"auto","background-attachment":"scroll","background-type":"","background-media":"","overlay-type":"","overlay-color":"","overlay-opacity":"","overlay-gradient":""}},"footnotes":""},"class_list":["post-2565","page","type-page","status-publish","has-post-thumbnail","hentry"],"yoast_head":"<!-- This site is optimized with the Yoast SEO plugin v27.1 - https:\/\/yoast.com\/product\/yoast-seo-wordpress\/ -->\n<title>Peltilistoitukset ja rakennuspellitykset ammattitaidolla - Viken Pelti<\/title>\n<meta name=\"description\" content=\"Oikein toteutettu rakennuspellitys suojaa rakenteita kosteudelta, lialta ja antaa viimeistellyn ilmeen. Ota yhteytt\u00e4 ja pyyd\u00e4 tarjous!\" \/>\n<meta name=\"robots\" content=\"index, follow, max-snippet:-1, max-image-preview:large, max-video-preview:-1\" \/>\n<link rel=\"canonical\" href=\"https:\/\/vikenpelti.fi\/index.php\/peltilistoitukset-rakennuspellitykset\/\" \/>\n<meta property=\"og:locale\" content=\"fi_FI\" \/>\n<meta property=\"og:type\" content=\"article\" \/>\n<meta property=\"og:title\" content=\"Peltilistoitukset ja rakennuspellitykset ammattitaidolla - Viken Pelti\" \/>\n<meta property=\"og:description\" content=\"Oikein toteutettu rakennuspellitys suojaa rakenteita kosteudelta, lialta ja antaa viimeistellyn ilmeen. Ota yhteytt\u00e4 ja pyyd\u00e4 tarjous!\" \/>\n<meta property=\"og:url\" content=\"https:\/\/vikenpelti.fi\/index.php\/peltilistoitukset-rakennuspellitykset\/\" \/>\n<meta property=\"og:site_name\" content=\"Viken Pelti\" \/>\n<meta property=\"og:image\" content=\"https:\/\/vikenpelti.fi\/wp-content\/uploads\/2025\/02\/1.webp\" \/>\n\t<meta property=\"og:image:width\" content=\"962\" \/>\n\t<meta property=\"og:image:height\" content=\"720\" \/>\n\t<meta property=\"og:image:type\" content=\"image\/webp\" \/>\n<meta name=\"twitter:card\" content=\"summary_large_image\" \/>\n<meta name=\"twitter:label1\" content=\"Arvioitu lukuaika\" \/>\n\t<meta name=\"twitter:data1\" content=\"2 minuuttia\" \/>\n<script type=\"application\/ld+json\" class=\"yoast-schema-graph\">{\"@context\":\"https:\/\/schema.org\",\"@graph\":[{\"@type\":\"WebPage\",\"@id\":\"https:\/\/vikenpelti.fi\/index.php\/peltilistoitukset-rakennuspellitykset\/\",\"url\":\"https:\/\/vikenpelti.fi\/index.php\/peltilistoitukset-rakennuspellitykset\/\",\"name\":\"Peltilistoitukset ja rakennuspellitykset ammattitaidolla - Viken Pelti\",\"isPartOf\":{\"@id\":\"https:\/\/vikenpelti.fi\/#website\"},\"primaryImageOfPage\":{\"@id\":\"https:\/\/vikenpelti.fi\/index.php\/peltilistoitukset-rakennuspellitykset\/#primaryimage\"},\"image\":{\"@id\":\"https:\/\/vikenpelti.fi\/index.php\/peltilistoitukset-rakennuspellitykset\/#primaryimage\"},\"thumbnailUrl\":\"https:\/\/vikenpelti.fi\/wp-content\/uploads\/2025\/02\/1.webp\",\"datePublished\":\"2025-12-15T11:33:55+00:00\",\"description\":\"Oikein toteutettu rakennuspellitys suojaa rakenteita kosteudelta, lialta ja antaa viimeistellyn ilmeen. Ota yhteytt\u00e4 ja pyyd\u00e4 tarjous!\",\"breadcrumb\":{\"@id\":\"https:\/\/vikenpelti.fi\/index.php\/peltilistoitukset-rakennuspellitykset\/#breadcrumb\"},\"inLanguage\":\"fi\",\"potentialAction\":[{\"@type\":\"ReadAction\",\"target\":[\"https:\/\/vikenpelti.fi\/index.php\/peltilistoitukset-rakennuspellitykset\/\"]}]},{\"@type\":\"ImageObject\",\"inLanguage\":\"fi\",\"@id\":\"https:\/\/vikenpelti.fi\/index.php\/peltilistoitukset-rakennuspellitykset\/#primaryimage\",\"url\":\"https:\/\/vikenpelti.fi\/wp-content\/uploads\/2025\/02\/1.webp\",\"contentUrl\":\"https:\/\/vikenpelti.fi\/wp-content\/uploads\/2025\/02\/1.webp\",\"width\":962,\"height\":720},{\"@type\":\"BreadcrumbList\",\"@id\":\"https:\/\/vikenpelti.fi\/index.php\/peltilistoitukset-rakennuspellitykset\/#breadcrumb\",\"itemListElement\":[{\"@type\":\"ListItem\",\"position\":1,\"name\":\"Etusivu\",\"item\":\"https:\/\/vikenpelti.fi\/\"},{\"@type\":\"ListItem\",\"position\":2,\"name\":\"Peltilistoitukset &amp; rakennuspellitykset\"}]},{\"@type\":\"WebSite\",\"@id\":\"https:\/\/vikenpelti.fi\/#website\",\"url\":\"https:\/\/vikenpelti.fi\/\",\"name\":\"Viken Pelti\",\"description\":\"\",\"potentialAction\":[{\"@type\":\"SearchAction\",\"target\":{\"@type\":\"EntryPoint\",\"urlTemplate\":\"https:\/\/vikenpelti.fi\/?s={search_term_string}\"},\"query-input\":{\"@type\":\"PropertyValueSpecification\",\"valueRequired\":true,\"valueName\":\"search_term_string\"}}],\"inLanguage\":\"fi\"}]}<\/script>\n<!-- \/ Yoast SEO plugin. -->","yoast_head_json":{"title":"Peltilistoitukset ja rakennuspellitykset ammattitaidolla - Viken Pelti","description":"Oikein toteutettu rakennuspellitys suojaa rakenteita kosteudelta, lialta ja antaa viimeistellyn ilmeen. Ota yhteytt\u00e4 ja pyyd\u00e4 tarjous!","robots":{"index":"index","follow":"follow","max-snippet":"max-snippet:-1","max-image-preview":"max-image-preview:large","max-video-preview":"max-video-preview:-1"},"canonical":"https:\/\/vikenpelti.fi\/index.php\/peltilistoitukset-rakennuspellitykset\/","og_locale":"fi_FI","og_type":"article","og_title":"Peltilistoitukset ja rakennuspellitykset ammattitaidolla - Viken Pelti","og_description":"Oikein toteutettu rakennuspellitys suojaa rakenteita kosteudelta, lialta ja antaa viimeistellyn ilmeen. Ota yhteytt\u00e4 ja pyyd\u00e4 tarjous!","og_url":"https:\/\/vikenpelti.fi\/index.php\/peltilistoitukset-rakennuspellitykset\/","og_site_name":"Viken Pelti","og_image":[{"width":962,"height":720,"url":"https:\/\/vikenpelti.fi\/wp-content\/uploads\/2025\/02\/1.webp","type":"image\/webp"}],"twitter_card":"summary_large_image","twitter_misc":{"Arvioitu lukuaika":"2 minuuttia"},"schema":{"@context":"https:\/\/schema.org","@graph":[{"@type":"WebPage","@id":"https:\/\/vikenpelti.fi\/index.php\/peltilistoitukset-rakennuspellitykset\/","url":"https:\/\/vikenpelti.fi\/index.php\/peltilistoitukset-rakennuspellitykset\/","name":"Peltilistoitukset ja rakennuspellitykset ammattitaidolla - Viken Pelti","isPartOf":{"@id":"https:\/\/vikenpelti.fi\/#website"},"primaryImageOfPage":{"@id":"https:\/\/vikenpelti.fi\/index.php\/peltilistoitukset-rakennuspellitykset\/#primaryimage"},"image":{"@id":"https:\/\/vikenpelti.fi\/index.php\/peltilistoitukset-rakennuspellitykset\/#primaryimage"},"thumbnailUrl":"https:\/\/vikenpelti.fi\/wp-content\/uploads\/2025\/02\/1.webp","datePublished":"2025-12-15T11:33:55+00:00","description":"Oikein toteutettu rakennuspellitys suojaa rakenteita kosteudelta, lialta ja antaa viimeistellyn ilmeen. Ota yhteytt\u00e4 ja pyyd\u00e4 tarjous!","breadcrumb":{"@id":"https:\/\/vikenpelti.fi\/index.php\/peltilistoitukset-rakennuspellitykset\/#breadcrumb"},"inLanguage":"fi","potentialAction":[{"@type":"ReadAction","target":["https:\/\/vikenpelti.fi\/index.php\/peltilistoitukset-rakennuspellitykset\/"]}]},{"@type":"ImageObject","inLanguage":"fi","@id":"https:\/\/vikenpelti.fi\/index.php\/peltilistoitukset-rakennuspellitykset\/#primaryimage","url":"https:\/\/vikenpelti.fi\/wp-content\/uploads\/2025\/02\/1.webp","contentUrl":"https:\/\/vikenpelti.fi\/wp-content\/uploads\/2025\/02\/1.webp","width":962,"height":720},{"@type":"BreadcrumbList","@id":"https:\/\/vikenpelti.fi\/index.php\/peltilistoitukset-rakennuspellitykset\/#breadcrumb","itemListElement":[{"@type":"ListItem","position":1,"name":"Etusivu","item":"https:\/\/vikenpelti.fi\/"},{"@type":"ListItem","position":2,"name":"Peltilistoitukset &amp; rakennuspellitykset"}]},{"@type":"WebSite","@id":"https:\/\/vikenpelti.fi\/#website","url":"https:\/\/vikenpelti.fi\/","name":"Viken Pelti","description":"","potentialAction":[{"@type":"SearchAction","target":{"@type":"EntryPoint","urlTemplate":"https:\/\/vikenpelti.fi\/?s={search_term_string}"},"query-input":{"@type":"PropertyValueSpecification","valueRequired":true,"valueName":"search_term_string"}}],"inLanguage":"fi"}]}},"_links":{"self":[{"href":"https:\/\/vikenpelti.fi\/index.php\/wp-json\/wp\/v2\/pages\/2565","targetHints":{"allow":["GET"]}}],"collection":[{"href":"https:\/\/vikenpelti.fi\/index.php\/wp-json\/wp\/v2\/pages"}],"about":[{"href":"https:\/\/vikenpelti.fi\/index.php\/wp-json\/wp\/v2\/types\/page"}],"author":[{"embeddable":true,"href":"https:\/\/vikenpelti.fi\/index.php\/wp-json\/wp\/v2\/users\/3"}],"replies":[{"embeddable":true,"href":"https:\/\/vikenpelti.fi\/index.php\/wp-json\/wp\/v2\/comments?post=2565"}],"version-history":[{"count":4,"href":"https:\/\/vikenpelti.fi\/index.php\/wp-json\/wp\/v2\/pages\/2565\/revisions"}],"predecessor-version":[{"id":2569,"href":"https:\/\/vikenpelti.fi\/index.php\/wp-json\/wp\/v2\/pages\/2565\/revisions\/2569"}],"wp:featuredmedia":[{"embeddable":true,"href":"https:\/\/vikenpelti.fi\/index.php\/wp-json\/wp\/v2\/media\/327"}],"wp:attachment":[{"href":"https:\/\/vikenpelti.fi\/index.php\/wp-json\/wp\/v2\/media?parent=2565"}],"curies":[{"name":"wp","href":"https:\/\/api.w.org\/{rel}","templated":true}]}}